he units digit of k?
1
Let s(i) = -126*i - 235. What is the tens digit of s(-23)?
6
Let v = 94 + -95. Let w(z) = -169*z**3 - 2*z**2 - 3*z - 1. What is the tens digit of w(v)?
6
Let z(v) = v - 17. Let a be 1*22 + 21/(-7). Let o be z(a). Suppose 0*t = o*t - 26. What is the units digit of t?
3
Suppose 0 = 4*n - n - 4*j + 16, 4*n - 3*j + 26 = 0. Let x be (6/n)/((-21)/140). Suppose -x*q + 4*q + 82 = 0. What is the units digit of q?
2
Let v be ((-16)/6)/((-10)/(-15)). What is the tens digit of v/(-26) + (-9618)/(-182)?
5
Suppose -16 + 4 = -3*j. Suppose -j*a = -19 - 33. Suppose -q + 0 = -a. What is the units digit of q?
3
What is the tens digit of 288/1 + (-6)/(-2)?
9
Suppose 5*k - 20426 = -9*k. What is the tens digit of k?
5
Let a(j) = 2*j**2 - 4*j + 1. Let o be a(3). Suppose -k + 2*m - o*m = -25, -25 = 4*k - 5*m. Suppose -3*v + 21 + 51 = k. What is the units digit of v?
4
Let k(b) = 2*b + 34. Let d be k(-21). Let z(v) = v**2 + 3*v - 8. What is the units digit of z(d)?
2
Suppose -3*p = -0*v - 5*v - 57, 20 = 5*p. What is the tens digit of 2*((-1476)/8)/v?
4
Let y(s) = s**2 - 8*s - 5. Let n be y(8). What is the tens digit of ((-111)/6)/(n/20)?
7
Suppose 2*l = x - 1062, -x - 2*l = -1273 + 227. What is the units digit of x?
4
Let d(x) = 2*x**3 + 5*x**2 + 4*x + 3. Let q(a) = -4*a**3 - 10*a**2 - 7*a - 7. Let p(c) = -5*d(c) - 2*q(c). What is the tens digit of p(-4)?
7
Suppose -579 + 69 = -w. What is the tens digit of w?
1
Let j(g) = -g**2 + 6*g + 4. Suppose 3*m = -2*q + 24, 7*q - 4*m - 2 = 4*q. Let d be j(q). What is the units digit of 7*((-80)/(-14))/d?
0
Suppose 4*a + 6*l - 5*l = 18741, -4659 = -a + 5*l. What is the units digit of a?
4
Let y = 695 + 103. What is the units digit of y?
8
Let g = 498 + -124. What is the units digit of g?
4
Suppose -o = 2*o - 12. Suppose 0*y - 3*y + q + 7 = 0, -2*y - o*q = 0. Suppose 0 = -5*p - 4*n + 105, -y*p - 2*n + 17 = -23. What is the tens digit of p?
2
Suppose 2*o + 0*o = 3*q + 7, -14 = 5*o + 3*q. Let y = 9 + o. Suppose 2*d + 20 = r, 0*d + 2*d + y = 0. What is the tens digit of r?
1
Suppose 0 = 2*l - 10 + 2. Suppose o + 20 = x, -29 - 11 = -l*x - 4*o. What is the units digit of x?
5
Let o(w) = -22*w**3 + 6*w**2 + 7*w - 10. What is the hundreds digit of o(-3)?
6
Let v be (-893)/(-171) + (-3)/(27/2). Suppose -a - 15 = 4*a, -a = l - 2. Suppose -2*b + 223 = 4*t + b, 305 = v*t - l*b. What is the units digit of t?
8
Let r(i) = i**2 - 5*i + 11. Let d be r(4). What is the units digit of (1 - 4) + d + 104?
8
What is the tens digit of (2446/7)/(128/448)?
2
Suppose 0 = -12*m + 2174 + 202. What is the units digit of m?
8
Suppose 3*j + 782 = 3*d + d, -j = -3*d + 589. What is the units digit of d?
7
Let b = -3555 - -5455. What is the thousands digit of b?
1
Let g(p) = -6*p + 3*p + 9*p**2 + p**3 - p + 1. Let c be (-6)/(-2) + -24 + 12. What is the units digit of g(c)?
7
What is the tens digit of 2 + 2730/((-10)/(-10))?
3
Suppose -2*x + 147 = 5*x. Let h be (2/3)/(x/252). What is the tens digit of ((-93)/(-12))/(2/h)?
3
Let x = 1837 - 489. What is the units digit of x?
8
Let b = 32 + -30. Suppose -3*r + 620 = 5*w, -3*r + 208 = -b*r + 2*w. What is the units digit of r?
0
Let t(u) = 25*u**3 - u**2 - u + 2. Let a be t(1). Let f = a + 54. What is the units digit of f?
9
Suppose 390 = -5*r - r. Let s = r - -215. What is the hundreds digit of s?
1
Let b(k) = -7*k**3 - 2*k**2 + 1. Let w be b(-1). Suppose w*j - 52 = 4*j. What is the units digit of j?
6
Suppose 0 = -4*o - 2*b + b + 40, 0 = -2*b. Let t be (-256)/(-6)*75/20. What is the tens digit of (36/o)/(12/t)?
4
Let a be 7/3 + 9/(-27). Suppose a*j = 2*o + 4, 2*j - 6*j = -3*o - 11. Let f = 25 - j. What is the units digit of f?
0
Let o be 1 - (1 - -1) - -8. Let x(d) be the third derivative of -d**5/60 + 5*d**4/12 - d**3/3 + 4*d**2. What is the tens digit of x(o)?
1
Let p(y) = 27*y - 226. What is the units digit of p(41)?
1
Suppose 3*d - d + 308 = 0. Let x = -81 - d. Suppose -4*f - 47 = -h - 7, x = 2*h - f. What is the units digit of h?
6
Suppose -4*v - 3*f - 14 = 0, -4*v - 8 - 8 = 2*f. What is the units digit of -1*(2 - 3) - (-3 + v)?
9
Suppose -2*r + 68 = -0*r. Suppose 2*a + 3*y - 32 = -y, -a + 4*y + r = 0. What is the units digit of a?
2
Suppose 2*d - 4 = 4*a + 8, 0 = 5*d + 10. Let y be 14/a*24/(-42). Suppose -y = 4*k - 82. What is the tens digit of k?
2
Let u = 521 + -137. Suppose 3*c = u + 6. What is the hundreds digit of c?
1
Let x be (-373)/(-5) + (-4)/(-10). Suppose 2*l - 5*i - x = -0*i, 3*l + 2*i - 103 = 0. What is the tens digit of l?
3
Let h be -1*(-2)/15 - (-31133)/2865. Let k be (2/1)/((-4)/(-110)). Let u = k - h. What is the tens digit of u?
4
Suppose 2*h = -2*g + g + 281, -4*h = -3*g + 833. Suppose -g = 3*x - 4*y + 49, -4*y = 8. What is the units digit of (x/4)/(0 - 1)?
8
Let x(v) = 7*v - 2. Let u be x(2). Let d = -24 + u. What is the units digit of (-716)/(-30) - d/90?
4
Suppose a - f - 18 = 0, 3*a - 7*a - 3*f + 93 = 0. Suppose -m = 3*g + 7, -7*m - 92 = -2*m - 4*g. Let d = m + a. What is the units digit of d?
5
Suppose -30*w + 32*w + 5*y = 3909, w - 1917 = 5*y. What is the units digit of w?
2
Let o = 2200 + -1178. What is the units digit of o?
2
Let s(d) = -1194*d + 151. What is the thousands digit of s(-3)?
3
Suppose 3*k - 120 = 5*f, k - 73 = 3*f - k. Let b = f + 24. Suppose -b*h + 12 = h. What is the units digit of h?
3
Let q(l) = -84*l + 91. What is the units digit of q(-4)?
7
Suppose -b = -3*l + b - 4, -8 = -5*l - 4*b. Suppose d = -l*d + 2. Suppose -3*z = d*a + 2*z - 65, 0 = -4*a - 4*z + 100. What is the units digit of a?
0
Let w = 583 + -164. What is the tens digit of w?
1
Let i(b) = b - 2. Let m be i(1). Let u be m*(-1 + 9/(-3)). Suppose 2*p + r = 54, -5*p + 29 + 109 = u*r. What is the tens digit of p?
2
Suppose 5*j + 4*f = 3*j + 1800, 0 = -2*j + f + 1820. What is the tens digit of j?
0
Suppose -10*p = -19548 - 4712. What is the tens digit of p?
2
Suppose -2*n - 2*n + 490 = -g, -607 = -5*n + 4*g. What is the units digit of n?
3
Let v(b) = 4*b**2 + 16*b + 26. What is the hundreds digit of v(-13)?
4
Suppose 2*r - 10 = 4. Let d be r/(21/27)*1. Suppose d*f - 38 = 7*f. What is the tens digit of f?
1
Let v = -25 - -24. Let p be v*(3 - 9)/(-2). What is the units digit of -3*(-1 + 4/p)?
7
Let x(t) = 2*t**2 - 29*t + 2. Let j be (3/2)/((-5)/340*-6). What is the units digit of x(j)?
7
Suppose -3 = -2*j + 1. Suppose j*m + 3*o = 6*o + 152, 4*m - 296 = 2*o. What is the units digit of m?
3
Suppose i + 6 = 8. Suppose i*f - 219 = -3*v + f, 4*f = 5*v - 348. What is the units digit of v?
2
Suppose -7*k = -7 - 14. Suppose k*n + 0*n = -5*o, -4*n - o + 17 = 0. What is the units digit of n?
5
Suppose 3*v + 1 - 2 = 5*a, 0 = 3*v + 4*a - 10. Suppose 0 = k - v*k + 11. What is the units digit of k?
1
Suppose 5*q - 5 + 14 = -4*t, 0 = -5*q - 5*t - 10. Let m be q*(-3 - (-15)/3). What is the tens digit of (1/m)/(5/(-230))?
2
Let o = 340 - 568. What is the units digit of ((-61)/4)/(19/o)?
3
Let u = 8 + -6. Suppose -u*a - 27 = f - 69, -a = 4*f - 7. Suppose 0*p - p = -2*y + 21, 2*y - a = 3*p. What is the tens digit of y?
1
Let v = 6 + -4. Suppose -v*q - 2*q + 4*h - 124 = 0, -5*q - 2*h = 120. Let p = -7 - q. What is the tens digit of p?
1
Let k = -20 - -17. Let x = k - 8. What is the tens digit of (7*2)/(x - -12)?
1
What is the thousands digit of ((-850)/(-340))/(2/1720)?
2
Suppose 0 = q + 27 + 8. Let m be (161/(-14))/(1/6). Let p = q - m. What is the units digit of p?
4
Suppose 2*g = -5*y + 28, 2*y = -2*y - g + 20. Suppose -y*x + 103 + 109 = 0. What is the units digit of x?
3
Let j = 14 + -20. What is the tens digit of (-9)/j*(-742)/(-21)?
5
Suppose -2*c - 16 = -c. Let s be (4 - 1)*(5 - c). Suppose -37 = -4*k + s. What is the units digit of k?
5
Let x(r) = -r**3 - 6*r**2 - 4*r + 5. Let c = 26 + -62. Let u = 30 + c. What is the tens digit of x(u)?
2
Let o = -534 + 1745. What is the hundreds digit of o?
2
Let m = -135 - -106. Let j = m - -132. What is the tens digit of j?
0
What is the tens digit of -6 + 4 + 1336/4?
3
Let i = 410 - 128. What is the units digit of i?
2
Suppose 9*o + 47 = 65. What is the units digit of (22 + -15)*(19 - o)?
9
Suppose 32 + 36 = -2*t. Let u = t - -184. What is the tens digit of u?
5
Let a(c) be the third derivative of 5*c**4/24 - c**3/6 + 6*c**2. Let g be a(10). Suppose 2*j - g